{"id":7,"date":"2010-05-02T21:36:02","date_gmt":"2010-05-02T21:36:02","guid":{"rendered":"http:\/\/www.laurentbarras.com\/?page_id=7"},"modified":"2022-06-23T08:10:33","modified_gmt":"2022-06-23T08:10:33","slug":"press-cover","status":"publish","type":"page","link":"https:\/\/www.laurentbarras.com\/?page_id=7","title":{"rendered":"Press and media coverage"},"content":{"rendered":"<p><strong>Videos<\/strong><\/p>\n<p>\u00ab Interview of the Mutual Fund Industry with Jan and Caterine Bolmeson \u00bb, blog Rikatillsammans on Personal Finance, 2 May 2021, <em><a href=\"https:\/\/www.youtube.com\/watch?app=desktop&amp;v=hACBzZ5HBTQ&amp;t=3454s\">Link to Video<\/a><\/em><\/p>\n<p><strong>Press Articles<\/strong><\/p>\n<p>\u00ab\u00a0Is Hedge Fund Performance Driven by Changing Market Conditions? \u00bb, ClearFacts,\u00a01 April 2011, <em><a href=\"http:\/\/www.clearfacts.ca\/investments\/sophisticated_investing\/is_hedge_fund_performance_driven_by_changing_market_conditions\">Download Article<\/a><\/em><\/p>\n<p>\u00ab\u00a0Is Performance Worth the Price? \u00bb, National Post, 29 July 2010, <a href=\"http:\/\/www.laurentbarras.com\/wp-content\/uploads\/nationalpost_june29.pdf\"><em>Download Article<\/em><\/a><\/p>\n<p>\u00ab\u00a0L&rsquo;Industrie des Fonds\u00a0Devra R\u00e9duire ses Co\u00fbts\u00a0\u00bb, Bilan Magazine, January 2010, <em><a href=\"http:\/\/www.laurentbarras.com\/wp-content\/uploads\/bilan_jan10.pdf\">Download Article<\/a><\/em><\/p>\n<p>\u00ab\u00a0Analyse de Performance: Les Limites du Ratio de Sharpe \u00bb, L\u2019Agefi Magazine, Haute Finance, Autumn 2004, <em><a href=\"http:\/\/www.laurentbarras.com\/wp-content\/uploads\/agefi_04.pdf\">Download Article<\/a><\/em><\/p>\n<p>\u00ab\u00a0Comment Peut-on Manipuler le Ratio de Sharpe?\u00bb, L\u2019Agefi, 28 April 2004<\/p>\n<p><strong>Other Media Appearances<\/strong><\/p>\n<p><em>\u00ab <\/em>Le D\u00e9bat entre Gestion Active ou Passive est Large et Passion\u00e9 <em>\u00bb<\/em>, AGEFI, September 17, 2019, Elsa Floret<\/p>\n<p><em>\u00ab <\/em>Des Fonds Communs Sans Danger (ou Presque) <em>\u00bb<\/em>, Finance et Investissement, September 1, 2015, Claude Dostie Jr<\/p>\n<p><em>\u00ab <\/em>Approche Toujours Controv\u00e9e<em>\u00bb<\/em>, Finance et Investissement, November 15, 2014, Yan Barcelo<\/p>\n<p>\u00ab And the Next Star Fund Manager is&#8230; \u00bb, Wall Street Journal, 14 January 2014, Joe Light <a href=\"http:\/\/www.laurentbarras.com\/wp-content\/uploads\/WSJ_Article_jan14.pdf\"><em>Download Article<\/em><\/a><\/p>\n<p>\u00ab Almost No One Can Beat the Market \u00bb, Market Watch, 25 October 2013, Howard Gold <a href=\"http:\/\/www.laurentbarras.com\/wp-content\/uploads\/MarketWatch_Oct13.pdf\"><em>Download Article<\/em><\/a><\/p>\n<p>\u00ab Twisting the Facts on Active Management \u00bb, Financial Times, 11 May 2010, Richard Stott <em><a href=\"http:\/\/www.laurentbarras.com\/wp-content\/uploads\/FTmay11_2010.pdf\">Download Article<\/a><\/em><\/p>\n<p>\u00ab Case for Active Management is Actually Strong \u00bb, Financial Times, 2 May 2010, Christophe Boucher and Bertrand Maillet <em><a href=\"http:\/\/www.laurentbarras.com\/wp-content\/uploads\/FTmay2_2010.pdf\">Download Article<\/a><\/em><\/p>\n<p>\u00ab Active Managers: Lucky, Skilful, or Useless? \u00bb, Financial Times, 21 October 2009, Pauline Skypala <em><a href=\"http:\/\/www.laurentbarras.com\/wp-content\/uploads\/FToct21_2009.pdf\">Download Article<\/a><\/em><\/p>\n<p>\u00ab\u00a0Going Ape \u00bb, Forbes 2009 Investment Guide, 8 December 2008, Zack O\u2019Malley Greenburg <em><a href=\"http:\/\/www.laurentbarras.com\/wp-content\/uploads\/forbes_Dec08.pdf\">Download Article<\/a><\/em><\/p>\n<p>\u00ab\u00a0The Prescient are Few \u00bb, New York Times, 13 July 2008, in the Hulbert Financial Digest <em><a href=\"http:\/\/www.laurentbarras.com\/wp-content\/uploads\/NYTimes_Jul08.pdf\">Download Article<\/a><\/em><\/p>\n<p>\u00ab\u00a0Les G\u00e9rants de Fonds ne Cr\u00e9ent pas de Valeur, R\u00e9p\u00e8tent les Chercheurs \u00bb, Le Temps, 24 November 2008, Myret Zaki <em><a href=\"http:\/\/www.laurentbarras.com\/wp-content\/uploads\/temps_nov08.pdf\">Download Article<\/a><\/em>gefi<\/p>\n","protected":false},"excerpt":{"rendered":"<p>Videos \u00ab Interview of the Mutual Fund Industry with Jan and Caterine Bolmeson \u00bb, blog Rikatillsammans on Personal Finance, 2 May 2021, Link to Video Press Articles \u00ab\u00a0Is Hedge Fund Performance Driven by Changing Market Conditions? \u00bb, ClearFacts,\u00a01 April 2011, Download Article \u00ab\u00a0Is Performance Worth the Price? \u00bb, National Post, 29 July 2010, Download Article [&hellip;]<\/p>\n","protected":false},"author":1,"featured_media":0,"parent":0,"menu_order":2,"comment_status":"closed","ping_status":"open","template":"","meta":[],"_links":{"self":[{"href":"https:\/\/www.laurentbarras.com\/index.php?rest_route=\/wp\/v2\/pages\/7"}],"collection":[{"href":"https:\/\/www.laurentbarras.com\/index.php?rest_route=\/wp\/v2\/pages"}],"about":[{"href":"https:\/\/www.laurentbarras.com\/index.php?rest_route=\/wp\/v2\/types\/page"}],"author":[{"embeddable":true,"href":"https:\/\/www.laurentbarras.com\/index.php?rest_route=\/wp\/v2\/users\/1"}],"replies":[{"embeddable":true,"href":"https:\/\/www.laurentbarras.com\/index.php?rest_route=%2Fwp%2Fv2%2Fcomments&post=7"}],"version-history":[{"count":21,"href":"https:\/\/www.laurentbarras.com\/index.php?rest_route=\/wp\/v2\/pages\/7\/revisions"}],"predecessor-version":[{"id":299,"href":"https:\/\/www.laurentbarras.com\/index.php?rest_route=\/wp\/v2\/pages\/7\/revisions\/299"}],"wp:attachment":[{"href":"https:\/\/www.laurentbarras.com\/index.php?rest_route=%2Fwp%2Fv2%2Fmedia&parent=7"}],"curies":[{"name":"wp","href":"https:\/\/api.w.org\/{rel}","templated":true}]}}